0 is divided by 27.
25
Calculate the remainder when 230 is divided by 54.
14
Calculate the remainder when 478 is divided by 120.
118
What is the remainder when 63 is divided by 16?
15
What is the remainder when 3493 is divided by 62?
21
Calculate the remainder when 977 is divided by 13.
2
What is the remainder when 430 is divided by 199?
32
What is the remainder when 232 is divided by 25?
7
Calculate the remainder when 127 is divided by 30.
7
What is the remainder when 79 is divided by 10?
9
What is the remainder when 1362 is divided by 23?
5
What is the remainder when 512 is divided by 15?
2
What is the remainder when 822 is divided by 82?
2
What is the remainder when 3755 is divided by 1249?
8
What is the remainder when 370 is divided by 366?
4
Calculate the remainder when 1690 is divided by 94.
92
Calculate the remainder when 78 is divided by 9.
6
Calculate the remainder when 3702 is divided by 57.
54
What is the remainder when 296 is divided by 59?
1
What is the remainder when 314 is divided by 140?
34
What is the remainder when 1967 is divided by 32?
15
What is the remainder when 865 is divided by 11?
7
What is the remainder when 2346 is divided by 28?
22
What is the remainder when 76 is divided by 21?
13
What is the remainder when 228 is divided by 62?
42
What is the remainder when 568 is divided by 52?
48
Calculate the remainder when 88 is divided by 3.
1
Calculate the remainder when 134 is divided by 62.
10
What is the remainder when 35035 is divided by 153?
151
Calculate the remainder when 24 is divided by 14.
10
What is the remainder when 86 is divided by 33?
20
Calculate the remainder when 34 is divided by 3.
1
What is the remainder when 403 is divided by 58?
55
Calculate the remainder when 2970 is divided by 14.
2
What is the remainder when 451 is divided by 7?
3
Calculate the remainder when 81 is divided by 53.
28
What is the remainder when 9063 is divided by 336?
327
What is the remainder when 38 is divided by 29?
9
What is the remainder when 1459 is divided by 133?
129
Calculate the remainder when 235 is divided by 59.
58
Calculate the remainder when 441 is divided by 115.
96
What is the remainder when 382 is divided by 66?
52
What is the remainder when 75 is divided by 21?
12
What is the remainder when 546 is divided by 509?
37
What is the remainder when 710 is divided by 102?
98
Calculate the remainder when 2689 is divided by 9.
7
Calculate the remainder when 42 is divided by 22.
20
What is the remainder when 3908 is divided by 34?
32
What is the remainder when 388 is divided by 77?
3
Calculate the remainder when 130 is divided by 23.
15
Calculate the remainder when 4154 is divided by 320.
314
Calculate the remainder when 1588 is divided by 10.
8
What is the remainder when 248 is divided by 7?
3
What is the remainder when 150 is divided by 38?
36
Calculate the remainder when 9298 is divided by 31.
29
What is the remainder when 145 is divided by 21?
19
Calculate the remainder when 1031 is divided by 1030.
1
Calculate the remainder when 3749 is divided by 14.
11
What is the remainder when 275 is divided by 57?
47
Calculate the remainder when 492 is divided by 478.
14
Calculate the remainder when 725 is divided by 26.
23
What is the remainder when 1702 is divided by 567?
1
What is the remainder when 375 is divided by 96?
87
What is the remainder when 136 is divided by 69?
67
Calculate the remainder when 673 is divided by 52.
49
Calculate the remainder when 1470 is divided by 32.
30
What is the remainder when 849 is divided by 419?
11
What is the remainder when 2725 is divided by 124?
121
Calculate the remainder when 79 is divided by 17.
11
What is the remainder when 11464 is divided by 47?
43
Calculate the remainder when 86 is divided by 19.
10
Calculate the remainder when 158 is divided by 86.
72
What is the remainder when 17 is divided by 13?
4
What is the remainder when 1496 is divided by 49?
26
What is the remainder when 3129 is divided by 259?
21
Calculate the remainder when 78 is divided by 17.
10
What is the remainder when 405 is divided by 29?
28
Calculate the remainder when 378 is divided by 125.
3
What is the remainder when 2111 is divided by 4?
3
What is the remainder when 529 is divided by 63?
25
Calculate the remainder when 3849 is divided by 6.
3
What is the remainder when 181 is divided by 23?
20
What is the remainder when 304 is divided by 22?
18
What is the remainder when 58 is divided by 11?
3
What is the remainder when 1223 is divided by 404?
11
Calculate the remainder when 1149 is divided by 25.
24
Calculate the remainder when 83 is divided by 15.
8
Calculate the remainder when 267 is divided by 21.
15
What is the remainder when 65 is divided by 6?
5
What is the remainder when 55 is divided by 27?
1
Calculate the remainder when 1328 is divided by 24.
8
What is the remainder when 559 is divided by 52?
39
Calculate the remainder when 633 is divided by 163.
144
What is the remainder when 289 is divided by 69?
13
Calculate the remainder when 164 is divided by 71.
22
Calculate the remainder when 295 is divided by 81.
52
Calculate the remainder when 2849 is divided by 46.
43
Calculate the remainder when 3290 is divided by 20.
10
What is the remainder when 1669 is divided by 154?
129
Calculate the remainder when 171 is divided by 59.
53
What is the remainder when 899 is divided by 52?
15
Calculate the remainder when 505 is divided by 33.
10
Calculate the remainder when 126 is divided by 40.
6
Calculate the remainder when 4893 is divided by 17.
14
What is the remainder when 6654 is divided by 32?
30
Calculate the remainder when 487 is divided by 61.
60
Calculate the remainder when 242 is divided by 14.
4
Calculate the remainder when 1066 is divided by 70.
16
What is the remainder when 448 is divided by 104?
32
What is the remainder when 72 is divided by 19?
15
What is the remainder when 641 is divided by 45?
11
Calculate the remainder when 48 is divided by 18.
12
Calculate the remainder when 614 is divided by 8.
6
Calculate the remainder when 161 is divided by 5.
1
Calculate the remainder when 573 is divided by 199.
175
What is the remainder when 567 is divided by 52?
47
What is the remainder when 518 is divided by 141?
95
What is the remainder when 42 is divided by 31?
11
What is the remainder when 671 is divided by 98?
83
Calculate the remainder when 289 is divided by 50.
39
Calculate the remainder when 1278 is divided by 63.
18
What is the remainder when 658 is divided by 18?
10
What is the remainder when 5948 is divided by 119?
117
Calculate the remainder when 53 is divided by 34.
19
Calculate the remainder when 424 is divided by 100.
24
What is the remainder when 1589 is divided by 27?
23
Calculate the remainder when 1275 is divided by 22.
21
Calculate the remainder when 2243 is divided by 22.
21
What is the remainder when 49563 is divided by 66?
63
Calculate the remainder when 71 is divided by 33.
5
What is the remainder when 47 is divided by 12?
11
Calculate the remainder when 96 is divided by 12.
0
What is the remainder when 20250 is divided by 157?
154
Calculate the remainder when 117 is divided by 35.
12
Calculate the remainder when 755 is divided by 42.
41
What is the remainder when 332 is divided by 166?
0
Calculate the remainder when 600 is divided by 137.
52
What is the remainder when 11 is divided by 10?
1
What is the remainder when 262 is divided by 76?
34
What is the remainder when 308 is divided by 78?
74
Calculate the remainder when 921 is divided by 22.
19
What is the remainder when 1026 is divided by 420?
186
Calculate the remainder when 45 is divided by 31.
14
Calculate the remainder when 1084 is divided by 8.
4
Calculate the remainder when 126 is divided by 43.
40
Calculate the remainder when 44 is divided by 13.
5
Calculate the remainder when 1764 is divided by 31.
28
What is the remainder when 87 is divided by 38?
11
Calculate the remainder when 193 is divided by 15.
13
What is the remainder when 141 is divided by 28?
1
What is the remainder when 4865 is divided by 16?
1
Calculate the remainder when 266 is divided by 36.
14
Calculate the remainder when 40 is divided by 15.
10
What is the remainder when 6193 is divided by 38?
37
What is the remainder when 1581 is divided by 14?
13
What is 